CRAN Package Check Results for Package PheCAP

Last updated on 2024-02-27 00:59:24 CET.

Flavor Version Tinstall Tcheck Ttotal Status Flags
r-devel-linux-x86_64-debian-clang 1.2.1 9.96 324.83 334.79 OK
r-devel-linux-x86_64-debian-gcc 1.2.1 8.98 238.25 247.23 OK
r-devel-linux-x86_64-fedora-clang 1.2.1 409.52 OK
r-devel-linux-x86_64-fedora-gcc 1.2.1 426.36 OK
r-devel-windows-x86_64 1.2.1 11.00 335.00 346.00 OK
r-patched-linux-x86_64 1.2.1 11.48 323.34 334.82 OK
r-release-linux-x86_64 1.2.1 10.38 330.01 340.39 OK
r-release-macos-arm64 1.2.1 164.00 NOTE
r-release-macos-x86_64 1.2.1 271.00 NOTE
r-release-windows-x86_64 1.2.1 14.00 403.00 417.00 OK
r-oldrel-macos-arm64 1.2.1 283.00 OK
r-oldrel-windows-x86_64 1.2.1 13.00 416.00 429.00 OK

Check Details

Version: 1.2.1
Check: installed package size
Result: NOTE installed size is 5.1Mb sub-directories of 1Mb or more: data 3.1Mb doc 1.9Mb Flavors: r-release-macos-arm64, r-release-macos-x86_64

Version: 1.2.1
Check: package dependencies
Result: NOTE Packages suggested but not available for checking: 'randomForestSRC', 'xgboost' Flavor: r-release-macos-x86_64