Last updated on 2024-05-02 16:48:30 CEST.
Flavor | Version | Tinstall | Tcheck | Ttotal | Status | Flags |
---|---|---|---|---|---|---|
r-devel-linux-x86_64-debian-clang | 0.3.4 | 31.96 | 286.41 | 318.37 | NOTE | |
r-devel-linux-x86_64-debian-gcc | 0.3.4 | 25.56 | 205.63 | 231.19 | NOTE | |
r-devel-linux-x86_64-fedora-clang | 0.3.4 | 430.32 | NOTE | |||
r-devel-linux-x86_64-fedora-gcc | 0.3.4 | 409.98 | NOTE | |||
r-devel-windows-x86_64 | 0.3.4 | 30.00 | 308.00 | 338.00 | NOTE | |
r-patched-linux-x86_64 | 0.3.4 | 22.32 | 267.04 | 289.36 | NOTE | |
r-release-linux-x86_64 | 0.3.4 | 22.08 | 270.79 | 292.87 | NOTE | |
r-release-macos-arm64 | 0.3.4 | 106.00 | NOTE | |||
r-release-macos-x86_64 | 0.3.4 | 223.00 | NOTE | |||
r-release-windows-x86_64 | 0.3.4 | 30.00 | 315.00 | 345.00 | NOTE | |
r-oldrel-macos-arm64 | 0.3.4 | 9.00 | ERROR | |||
r-oldrel-macos-x86_64 | 0.3.4 | 195.00 | NOTE | |||
r-oldrel-windows-x86_64 | 0.3.4 | 38.00 | 351.00 | 389.00 | NOTE |
Version: 0.3.4
Check: C++ specification
Result: NOTE
Specified C++11: please drop specification unless essential
Flavors: r-devel-linux-x86_64-debian-clang, r-devel-linux-x86_64-debian-gcc, r-devel-linux-x86_64-fedora-clang, r-devel-linux-x86_64-fedora-gcc, r-devel-windows-x86_64, r-patched-linux-x86_64, r-release-linux-x86_64, r-release-macos-arm64, r-release-macos-x86_64, r-release-windows-x86_64, r-oldrel-macos-x86_64, r-oldrel-windows-x86_64
Version: 0.3.4
Check: installed package size
Result: NOTE
installed size is 5.1Mb
sub-directories of 1Mb or more:
doc 1.5Mb
extdata 3.2Mb
Flavors: r-devel-linux-x86_64-fedora-clang, r-devel-windows-x86_64, r-release-macos-arm64, r-release-macos-x86_64, r-release-windows-x86_64, r-oldrel-macos-x86_64, r-oldrel-windows-x86_64
Version: 0.3.4
Check: package dependencies
Result: ERROR
Package required but not available: ‘snpStats’
See section ‘The DESCRIPTION file’ in the ‘Writing R Extensions’
manual.
Flavor: r-oldrel-macos-arm64