Last updated on 2024-05-21 16:53:26 CEST.
Flavor | Version | Tinstall | Tcheck | Ttotal | Status | Flags |
---|---|---|---|---|---|---|
r-devel-linux-x86_64-debian-clang | 1.4.3 | 26.98 | 138.35 | 165.33 | OK | |
r-devel-linux-x86_64-debian-gcc | 1.4.3 | 17.76 | 99.86 | 117.62 | OK | |
r-devel-linux-x86_64-fedora-clang | 1.4.3 | 211.68 | NOTE | |||
r-devel-linux-x86_64-fedora-gcc | 1.4.3 | 214.39 | NOTE | |||
r-devel-windows-x86_64 | 1.4.3 | 24.00 | 185.00 | 209.00 | OK | |
r-patched-linux-x86_64 | 1.4.3 | 26.29 | 132.49 | 158.78 | OK | |
r-release-linux-x86_64 | 1.4.3 | 21.10 | 134.89 | 155.99 | OK | |
r-release-macos-arm64 | 1.4.3 | 62.00 | OK | |||
r-release-windows-x86_64 | 1.4.3 | 22.00 | 189.00 | 211.00 | OK | |
r-oldrel-macos-arm64 | 1.4.3 | 68.00 | OK | |||
r-oldrel-macos-x86_64 | 1.4.3 | 108.00 | OK | |||
r-oldrel-windows-x86_64 | 1.4.3 | 28.00 | 202.00 | 230.00 | OK |
Version: 1.4.3
Check: dependencies in R code
Result: NOTE
Namespace in Imports field not imported from: ‘dplyr’
All declared Imports should be used.
Flavors: r-devel-linux-x86_64-fedora-clang, r-devel-linux-x86_64-fedora-gcc