Last updated on 2024-05-02 16:48:30 CEST.
Flavor | Version | Tinstall | Tcheck | Ttotal | Status | Flags |
---|---|---|---|---|---|---|
r-devel-linux-x86_64-debian-clang | 0.1.3 | 298.63 | 167.52 | 466.15 | NOTE | |
r-devel-linux-x86_64-debian-gcc | 0.1.3 | 261.83 | 138.94 | 400.77 | NOTE | |
r-devel-linux-x86_64-fedora-clang | 0.1.3 | 587.41 | NOTE | |||
r-devel-linux-x86_64-fedora-gcc | 0.1.3 | 733.37 | NOTE | |||
r-devel-windows-x86_64 | 0.1.3 | 235.00 | 167.00 | 402.00 | NOTE | |
r-patched-linux-x86_64 | 0.1.3 | 305.78 | 185.20 | 490.98 | NOTE | |
r-release-linux-x86_64 | 0.1.3 | 251.96 | 185.34 | 437.30 | NOTE | |
r-release-macos-arm64 | 0.1.3 | 137.00 | NOTE | |||
r-release-windows-x86_64 | 0.1.3 | 238.00 | 163.00 | 401.00 | NOTE | |
r-oldrel-macos-arm64 | 0.1.3 | 135.00 | NOTE | |||
r-oldrel-macos-x86_64 | 0.1.3 | 225.00 | NOTE | |||
r-oldrel-windows-x86_64 | 0.1.3 | 298.00 | 198.00 | 496.00 | NOTE |
Version: 0.1.3
Check: for GNU extensions in Makefiles
Result: NOTE
GNU make is a SystemRequirements.
Flavors: r-devel-linux-x86_64-debian-clang, r-devel-linux-x86_64-debian-gcc, r-devel-linux-x86_64-fedora-clang, r-devel-linux-x86_64-fedora-gcc, r-devel-windows-x86_64, r-patched-linux-x86_64, r-release-linux-x86_64, r-release-macos-arm64, r-release-windows-x86_64, r-oldrel-macos-arm64, r-oldrel-macos-x86_64, r-oldrel-windows-x86_64
Version: 0.1.3
Check: dependencies in R code
Result: NOTE
Namespace in Imports field not imported from: ‘rstantools’
All declared Imports should be used.
Flavors: r-devel-linux-x86_64-fedora-clang, r-devel-linux-x86_64-fedora-gcc
Version: 0.1.3
Check: installed package size
Result: NOTE
installed size is 53.7Mb
sub-directories of 1Mb or more:
libs 53.4Mb
Flavors: r-release-macos-arm64, r-oldrel-macos-arm64, r-oldrel-macos-x86_64