CRAN Package Check Results for Package PowerTOST

Last updated on 2023-09-23 16:54:09 CEST.

Flavor Version Tinstall Tcheck Ttotal Status Flags
r-devel-linux-x86_64-debian-clang 1.5-4 15.69 207.70 223.39 OK
r-devel-linux-x86_64-debian-gcc 1.5-4 13.06 161.40 174.46 OK
r-devel-linux-x86_64-fedora-clang 1.5-4 281.77 OK
r-devel-linux-x86_64-fedora-gcc 1.5-4 309.65 OK
r-devel-windows-x86_64 1.5-4 16.00 123.00 139.00 OK --no-vignettes
r-patched-linux-x86_64 1.5-4 18.02 202.08 220.10 OK
r-release-linux-x86_64 1.5-4 12.77 202.95 215.72 OK
r-release-macos-arm64 1.5-4 79.00 OK
r-release-macos-x86_64 1.5-4 177.00 NOTE
r-release-windows-x86_64 1.5-4 16.00 134.00 150.00 OK --no-vignettes
r-oldrel-macos-arm64 1.5-4 95.00 OK
r-oldrel-macos-x86_64 1.5-4 128.00 OK
r-oldrel-windows-x86_64 1.5-4 19.00 139.00 158.00 OK --no-vignettes

Check Details

Version: 1.5-4
Check: package dependencies
Result: NOTE
    Package suggested but not available for checking: ‘emmeans’
Flavor: r-release-macos-x86_64

Version: 1.5-4
Check: Rd cross-references
Result: NOTE
    Package unavailable to check Rd xrefs: ‘emmeans’
Flavor: r-release-macos-x86_64