CRAN Package Check Results for Package PowerUpR

Last updated on 2023-09-28 01:19:01 CEST.

Flavor Version Tinstall Tcheck Ttotal Status Flags
r-devel-linux-x86_64-debian-clang 1.1.0 11.40 76.87 88.27 NOTE
r-devel-linux-x86_64-debian-gcc 1.1.0 9.91 54.59 64.50 NOTE
r-devel-linux-x86_64-fedora-clang 1.1.0 109.11 NOTE
r-devel-linux-x86_64-fedora-gcc 1.1.0 122.45 NOTE
r-devel-windows-x86_64 1.1.0 13.00 72.00 85.00 NOTE
r-patched-linux-x86_64 1.1.0 11.48 74.58 86.06 NOTE
r-release-linux-x86_64 1.1.0 9.63 74.22 83.85 NOTE
r-release-macos-arm64 1.1.0 37.00 NOTE
r-release-macos-x86_64 1.1.0 59.00 NOTE
r-release-windows-x86_64 1.1.0 13.00 82.00 95.00 NOTE
r-oldrel-macos-arm64 1.1.0 29.00 OK
r-oldrel-macos-x86_64 1.1.0 40.00 OK
r-oldrel-windows-x86_64 1.1.0 16.00 82.00 98.00 OK

Check Details

Version: 1.1.0
Check: Rd files
Result: NOTE
    checkRd: (-1) bira2.Rd:91: Escaped LaTeX specials: \&
    checkRd: (-1) bira2.Rd:144: Escaped LaTeX specials: \&
    checkRd: (-1) bira2.Rd:146: Escaped LaTeX specials: \&
    checkRd: (-1) bira2.Rd:148: Escaped LaTeX specials: \&
    checkRd: (-1) bira2.Rd:150: Escaped LaTeX specials: \&
    checkRd: (-1) cra2.Rd:126: Escaped LaTeX specials: \&
    checkRd: (-1) cra2.Rd:219: Escaped LaTeX specials: \&
    checkRd: (-1) cra2.Rd:221: Escaped LaTeX specials: \&
    checkRd: (-1) cra2.Rd:223: Escaped LaTeX specials: \&
    checkRd: (-1) cra2.Rd:225: Escaped LaTeX specials: \&
    checkRd: (-1) cra2.Rd:227: Escaped LaTeX specials: \&
    checkRd: (-1) cra2.Rd:229: Escaped LaTeX specials: \&
    checkRd: (-1) cra2.Rd:231: Escaped LaTeX specials: \&
    checkRd: (-1) cra2.Rd:233: Escaped LaTeX specials: \&
    checkRd: (-1) cra2.Rd:235: Escaped LaTeX specials: \&
    checkRd: (-1) cra2.Rd:237: Escaped LaTeX specials: \&
    checkRd: (-1) cra3.Rd:301: Escaped LaTeX specials: \&
    checkRd: (-1) cra3.Rd:303: Escaped LaTeX specials: \&
    checkRd: (-1) cra3.Rd:305: Escaped LaTeX specials: \&
    checkRd: (-1) cra3.Rd:307: Escaped LaTeX specials: \&
    checkRd: (-1) cra3.Rd:309: Escaped LaTeX specials: \&
    checkRd: (-1) med_pn.Rd:129: Escaped LaTeX specials: \&
Flavors: r-devel-linux-x86_64-debian-clang, r-devel-linux-x86_64-debian-gcc, r-devel-linux-x86_64-fedora-clang, r-devel-linux-x86_64-fedora-gcc, r-devel-windows-x86_64, r-patched-linux-x86_64, r-release-linux-x86_64, r-release-macos-arm64, r-release-macos-x86_64, r-release-windows-x86_64