CRAN Package Check Results for Package PrInDT

Last updated on 2024-02-21 00:54:37 CET.

Flavor Version Tinstall Tcheck Ttotal Status Flags
r-devel-linux-x86_64-debian-clang 1.0.1 NOTE
r-devel-linux-x86_64-debian-gcc 1.0.1 9.51 110.58 120.09 NOTE
r-devel-linux-x86_64-fedora-clang 1.0.1 203.74 NOTE
r-devel-linux-x86_64-fedora-gcc 1.0.1 186.07 NOTE
r-devel-windows-x86_64 1.0.1 11.00 116.00 127.00 OK
r-patched-linux-x86_64 1.0.1 9.86 144.86 154.72 OK
r-release-linux-x86_64 1.0.1 11.88 141.18 153.06 OK
r-release-macos-arm64 1.0.1 47.00 OK
r-release-macos-x86_64 1.0.1 161.00 OK
r-release-windows-x86_64 1.0.1 14.00 141.00 155.00 OK
r-oldrel-macos-arm64 1.0.1 48.00 OK
r-oldrel-windows-x86_64 1.0.1 14.00 139.00 153.00 OK

Check Details

Version: 1.0.1
Check: Rd files
Result: NOTE checkRd: (-1) NesPrInDT.Rd:17: Lost braces 17 | {see function \code{\link{PrInDT}} for details.}\cr | ^ checkRd: (-1) PrInDTAll.Rd:16: Lost braces 16 | {see function \code{\link{PrInDT}} for details.}\cr | ^ checkRd: (-1) PrInDTAllparts.Rd:17: Lost braces 17 | {see function \code{\link{PrInDT}} for details.}\cr | ^ checkRd: (-1) PrInDTMulab.Rd:17: Lost braces 17 | {see function \code{\link{PrInDT}} for details.}\cr | ^ checkRd: (-1) PrInDTMulabAll.Rd:17: Lost braces 17 | {see function \code{\link{PrInDT}} for details.}\cr | ^ checkRd: (-1) PrInDTMulev.Rd:16: Lost braces 16 | {see function \code{\link{PrInDT}} for details.}\cr | ^ checkRd: (-1) PrInDTMulevAll.Rd:16: Lost braces 16 | {see function \code{\link{PrInDT}} for details.}\cr | ^ checkRd: (-1) PrInDTreg.Rd:16: Lost braces 16 | {see function \code{\link{PrInDT}} for details.}\cr | ^ checkRd: (-1) PrInDTregAll.Rd:16: Lost braces 16 | {see function \code{\link{PrInDT}} for details.}\cr | ^ checkRd: (-1) RePrInDT.Rd:17: Lost braces 17 | {see function \code{\link{PrInDT}} for details.}\cr | ^ Flavors: r-devel-linux-x86_64-debian-clang, r-devel-linux-x86_64-debian-gcc

Version: 1.0.1
Check: dependencies in R code
Result: NOTE Namespace in Imports field not imported from: ‘stringr’ All declared Imports should be used. Flavors: r-devel-linux-x86_64-fedora-clang, r-devel-linux-x86_64-fedora-gcc