Last updated on 2023-09-23 16:54:09 CEST.
Flavor | Version | Tinstall | Tcheck | Ttotal | Status | Flags |
---|---|---|---|---|---|---|
r-devel-linux-x86_64-debian-clang | 1.4 | 15.33 | 171.97 | 187.30 | OK | |
r-devel-linux-x86_64-debian-gcc | 1.4 | 11.72 | 129.31 | 141.03 | OK | |
r-devel-linux-x86_64-fedora-clang | 1.4 | 217.02 | NOTE | |||
r-devel-linux-x86_64-fedora-gcc | 1.4 | 234.71 | OK | |||
r-devel-windows-x86_64 | 1.4 | 13.00 | 182.00 | 195.00 | NOTE | |
r-patched-linux-x86_64 | 1.4 | 15.37 | 152.00 | 167.37 | OK | |
r-release-linux-x86_64 | 1.4 | 12.68 | 150.64 | 163.32 | OK | |
r-release-macos-arm64 | 1.4 | 74.00 | NOTE | |||
r-release-macos-x86_64 | 1.4 | 129.00 | NOTE | |||
r-release-windows-x86_64 | 1.4 | 18.00 | 185.00 | 203.00 | NOTE | |
r-oldrel-macos-arm64 | 1.4 | 64.00 | NOTE | |||
r-oldrel-macos-x86_64 | 1.4 | 81.00 | NOTE | |||
r-oldrel-windows-x86_64 | 1.4 | 18.00 | 183.00 | 201.00 | NOTE |
Version: 1.4
Check: installed package size
Result: NOTE
installed size is 5.3Mb
sub-directories of 1Mb or more:
data 3.9Mb
Flavors: r-devel-linux-x86_64-fedora-clang, r-devel-windows-x86_64, r-release-macos-arm64, r-release-macos-x86_64, r-release-windows-x86_64, r-oldrel-macos-arm64, r-oldrel-macos-x86_64, r-oldrel-windows-x86_64