CRAN Package Check Results for Package PracticalEquiDesign

Last updated on 2024-07-13 00:55:34 CEST.

Flavor Version Tinstall Tcheck Ttotal Status Flags
r-devel-linux-x86_64-debian-clang 0.0.3 1.64 31.49 33.13 OK
r-devel-linux-x86_64-debian-gcc 0.0.3 1.99 24.67 26.66 OK
r-devel-linux-x86_64-fedora-clang 0.0.3 44.91 NOTE
r-devel-linux-x86_64-fedora-gcc 0.0.3 57.81 NOTE
r-devel-windows-x86_64 0.0.3 3.00 47.00 50.00 OK
r-patched-linux-x86_64 0.0.3 1.57 31.06 32.63 OK
r-release-linux-x86_64 0.0.3 1.54 31.51 33.05 OK
r-release-macos-arm64 0.0.3 25.00 OK
r-release-macos-x86_64 0.0.3 33.00 OK
r-release-windows-x86_64 0.0.3 4.00 48.00 52.00 OK
r-oldrel-macos-arm64 0.0.3 26.00 OK
r-oldrel-macos-x86_64 0.0.3 36.00 OK
r-oldrel-windows-x86_64 0.0.3 4.00 46.00 50.00 OK

Check Details

Version: 0.0.3
Check: dependencies in R code
Result: NOTE Namespaces in Imports field not imported from: ‘dplyr’ ‘methods’ ‘numDeriv’ ‘tidyr’ All declared Imports should be used. Flavors: r-devel-linux-x86_64-fedora-clang, r-devel-linux-x86_64-fedora-gcc