CRAN Package Check Results for Package PrevMap

Last updated on 2024-02-23 16:53:26 CET.

Flavor Version Tinstall Tcheck Ttotal Status Flags
r-devel-linux-x86_64-debian-clang 1.5.4 NOTE
r-devel-linux-x86_64-debian-gcc 1.5.4 39.97 305.02 344.99 NOTE
r-devel-linux-x86_64-fedora-clang 1.5.4 611.75 OK
r-devel-linux-x86_64-fedora-gcc 1.5.4 593.42 OK
r-devel-windows-x86_64 1.5.4 44.00 250.00 294.00 OK
r-patched-linux-x86_64 1.5.4 58.87 403.94 462.81 NOTE
r-release-linux-x86_64 1.5.4 41.10 400.19 441.29 NOTE
r-release-macos-arm64 1.5.4 120.00 NOTE
r-release-macos-x86_64 1.5.4 234.00 NOTE
r-release-windows-x86_64 1.5.4 60.00 337.00 397.00 NOTE
r-oldrel-macos-arm64 1.5.4 100.00 NOTE
r-oldrel-windows-x86_64 1.5.4 60.00 320.00 380.00 NOTE

Check Details

Version: 1.5.4
Check: package dependencies
Result: NOTE Package suggested but not available for checking: ‘INLA’ Flavors: r-devel-linux-x86_64-debian-clang, r-devel-linux-x86_64-debian-gcc, r-patched-linux-x86_64, r-release-linux-x86_64, r-release-macos-arm64, r-release-macos-x86_64, r-release-windows-x86_64, r-oldrel-macos-arm64, r-oldrel-windows-x86_64