CRAN Package Check Results for Package QDiabetes

Last updated on 2024-03-01 00:55:29 CET.

Flavor Version Tinstall Tcheck Ttotal Status Flags
r-devel-linux-x86_64-debian-clang 1.0-2 59.03 139.13 198.16 OK
r-devel-linux-x86_64-debian-gcc 1.0-2 48.74 109.06 157.80 OK
r-devel-linux-x86_64-fedora-clang 1.0-2 243.41 OK
r-devel-linux-x86_64-fedora-gcc 1.0-2 237.73 OK
r-devel-windows-x86_64 1.0-2 46.00 121.00 167.00 OK
r-patched-linux-x86_64 1.0-2 52.75 131.73 184.48 OK
r-release-linux-x86_64 1.0-2 52.80 132.16 184.96 OK
r-release-macos-arm64 1.0-2 100.00 NOTE
r-release-macos-x86_64 1.0-2 144.00 NOTE
r-release-windows-x86_64 1.0-2 46.00 144.00 190.00 OK
r-oldrel-macos-arm64 1.0-2 77.00 NOTE
r-oldrel-windows-x86_64 1.0-2 63.00 151.00 214.00 OK

Check Details

Version: 1.0-2
Check: installed package size
Result: NOTE installed size is 5.3Mb sub-directories of 1Mb or more: R 5.1Mb Flavors: r-release-macos-arm64, r-release-macos-x86_64, r-oldrel-macos-arm64