CRAN Package Check Results for Package Qardl

Last updated on 2024-02-22 00:58:38 CET.

Flavor Version Tinstall Tcheck Ttotal Status Flags
r-devel-linux-x86_64-debian-clang 0.1.1 NOTE
r-devel-linux-x86_64-debian-gcc 0.1.1 9.25 76.44 85.69 NOTE
r-devel-linux-x86_64-fedora-clang 0.1.1 139.41 NOTE
r-devel-linux-x86_64-fedora-gcc 0.1.1 133.88 NOTE
r-devel-windows-x86_64 0.1.1 10.00 94.00 104.00 NOTE
r-patched-linux-x86_64 0.1.1 10.34 97.19 107.53 OK
r-release-linux-x86_64 0.1.1 11.20 99.20 110.40 OK
r-release-macos-arm64 0.1.1 51.00 OK
r-release-macos-x86_64 0.1.1 76.00 OK
r-release-windows-x86_64 0.1.1 13.00 109.00 122.00 OK
r-oldrel-macos-arm64 0.1.1 42.00 OK
r-oldrel-windows-x86_64 0.1.1 13.00 114.00 127.00 OK

Check Details

Version: 0.1.1
Check: Rd \usage sections
Result: NOTE Documented arguments not in \usage in Rd file 'lagm.Rd': ‘x’ Functions with \usage entries need to have the appropriate \alias entries, and all their arguments documented. The \usage entries must correspond to syntactically valid R code. See chapter ‘Writing R documentation files’ in the ‘Writing R Extensions’ manual. Flavors: r-devel-linux-x86_64-debian-clang, r-devel-linux-x86_64-debian-gcc, r-devel-linux-x86_64-fedora-clang, r-devel-linux-x86_64-fedora-gcc, r-devel-windows-x86_64