CRAN Package Check Results for Package QuickJSR

Last updated on 2024-02-20 16:49:36 CET.

Flavor Version Tinstall Tcheck Ttotal Status Flags
r-devel-linux-x86_64-debian-clang 1.1.3 NOTE
r-devel-linux-x86_64-debian-gcc 1.1.3 67.35 26.30 93.65 NOTE
r-devel-linux-x86_64-fedora-clang 1.1.3 131.58 NOTE
r-devel-linux-x86_64-fedora-gcc 1.1.3 161.84 NOTE
r-devel-windows-x86_64 1.1.3 68.00 72.00 140.00 NOTE
r-patched-linux-x86_64 1.1.3 73.68 33.86 107.54 NOTE
r-release-linux-x86_64 1.1.3 82.46 32.77 115.23 NOTE
r-release-macos-arm64 1.1.3 54.00 NOTE
r-release-macos-x86_64 1.1.3 129.00 NOTE
r-release-windows-x86_64 1.1.3 85.00 80.00 165.00 NOTE
r-oldrel-macos-arm64 1.1.3 57.00 NOTE
r-oldrel-windows-x86_64 1.1.3 78.00 78.00 156.00 NOTE

Check Details

Version: 1.1.3
Check: for GNU extensions in Makefiles
Result: NOTE GNU make is a SystemRequirements. Flavors: r-devel-linux-x86_64-debian-clang, r-devel-linux-x86_64-debian-gcc, r-devel-linux-x86_64-fedora-clang, r-devel-linux-x86_64-fedora-gcc, r-devel-windows-x86_64, r-patched-linux-x86_64, r-release-linux-x86_64, r-release-macos-arm64, r-release-macos-x86_64, r-release-windows-x86_64, r-oldrel-macos-arm64, r-oldrel-windows-x86_64

Version: 1.1.3
Check: installed package size
Result: NOTE installed size is 11.3Mb sub-directories of 1Mb or more: lib 5.3Mb libs 5.6Mb Flavors: r-release-macos-arm64, r-release-macos-x86_64, r-oldrel-macos-arm64