CRAN Package Check Results for Package R2BEAT

Last updated on 2023-10-03 01:05:01 CEST.

Flavor Version Tinstall Tcheck Ttotal Status Flags
r-devel-linux-x86_64-debian-clang 1.0.5 7.19 47.70 54.89 NOTE
r-devel-linux-x86_64-debian-gcc 1.0.5 5.59 35.22 40.81 NOTE
r-devel-linux-x86_64-fedora-clang 1.0.5 67.96 NOTE
r-devel-linux-x86_64-fedora-gcc 1.0.5 65.45 NOTE
r-devel-windows-x86_64 1.0.5 7.00 60.00 67.00 NOTE
r-patched-linux-x86_64 1.0.5 6.42 46.34 52.76 NOTE
r-release-linux-x86_64 1.0.5 7.31 46.96 54.27 NOTE
r-release-macos-arm64 1.0.5 23.00 NOTE
r-release-macos-x86_64 1.0.5 56.00 NOTE
r-release-windows-x86_64 1.0.5 10.00 64.00 74.00 NOTE
r-oldrel-macos-arm64 1.0.5 28.00 NOTE
r-oldrel-macos-x86_64 1.0.5 55.00 NOTE
r-oldrel-windows-x86_64 1.0.5 10.00 64.00 74.00 NOTE

Check Details

Version: 1.0.5
Check: package dependencies
Result: NOTE
    Package suggested but not available for checking: ‘ReGenesees’
Flavors: r-devel-linux-x86_64-debian-clang, r-devel-linux-x86_64-debian-gcc, r-devel-linux-x86_64-fedora-clang, r-devel-linux-x86_64-fedora-gcc, r-devel-windows-x86_64, r-patched-linux-x86_64, r-release-linux-x86_64, r-release-macos-arm64, r-release-macos-x86_64, r-release-windows-x86_64, r-oldrel-macos-arm64, r-oldrel-macos-x86_64, r-oldrel-windows-x86_64