CRAN Package Check Results for Package R62S3

Last updated on 2024-03-03 01:00:53 CET.

Flavor Version Tinstall Tcheck Ttotal Status Flags
r-devel-linux-x86_64-debian-clang 1.4.1 1.89 25.60 27.49 NOTE
r-devel-linux-x86_64-debian-gcc 1.4.1 1.68 20.00 21.68 NOTE
r-devel-linux-x86_64-fedora-clang 1.4.1 34.49 NOTE
r-devel-linux-x86_64-fedora-gcc 1.4.1 32.63 NOTE
r-devel-windows-x86_64 1.4.1 3.00 40.00 43.00 NOTE
r-patched-linux-x86_64 1.4.1 2.11 24.32 26.43 NOTE
r-release-linux-x86_64 1.4.1 1.92 24.26 26.18 NOTE
r-release-macos-arm64 1.4.1 19.00 NOTE
r-release-macos-x86_64 1.4.1 20.00 NOTE
r-release-windows-x86_64 1.4.1 2.00 40.00 42.00 NOTE
r-oldrel-macos-arm64 1.4.1 18.00 NOTE
r-oldrel-windows-x86_64 1.4.1 3.00 45.00 48.00 NOTE

Check Details

Version: 1.4.1
Check: LazyData
Result: NOTE 'LazyData' is specified without a 'data' directory Flavors: r-devel-linux-x86_64-debian-clang, r-devel-linux-x86_64-debian-gcc, r-devel-linux-x86_64-fedora-clang, r-devel-linux-x86_64-fedora-gcc, r-devel-windows-x86_64, r-patched-linux-x86_64, r-release-linux-x86_64, r-release-macos-arm64, r-release-macos-x86_64, r-release-windows-x86_64, r-oldrel-macos-arm64, r-oldrel-windows-x86_64