CRAN Package Check Results for Package RABR

Last updated on 2024-03-01 16:49:29 CET.

Flavor Version Tinstall Tcheck Ttotal Status Flags
r-devel-linux-x86_64-debian-clang 0.1.1 2.93 47.16 50.09 OK
r-devel-linux-x86_64-debian-gcc 0.1.1 2.18 35.88 38.06 OK
r-devel-linux-x86_64-fedora-clang 0.1.1 61.05 NOTE
r-devel-linux-x86_64-fedora-gcc 0.1.1 69.97 NOTE
r-devel-windows-x86_64 0.1.1 4.00 365.00 369.00 OK
r-patched-linux-x86_64 0.1.1 2.41 46.11 48.52 OK
r-release-linux-x86_64 0.1.1 2.84 46.36 49.20 OK
r-release-macos-arm64 0.1.1 237.00 OK
r-release-macos-x86_64 0.1.1 331.00 OK
r-release-windows-x86_64 0.1.1 5.00 490.00 495.00 OK
r-oldrel-macos-arm64 0.1.1 179.00 NOTE
r-oldrel-windows-x86_64 0.1.1 4.00 497.00 501.00 OK

Check Details

Version: 0.1.1
Check: dependencies in R code
Result: NOTE Namespaces in Imports field not imported from: ‘asd’ ‘cubature’ ‘data.table’ ‘ggplot2’ ‘multxpert’ ‘survival’ All declared Imports should be used. Flavors: r-devel-linux-x86_64-fedora-clang, r-devel-linux-x86_64-fedora-gcc, r-oldrel-macos-arm64