Last updated on 2024-05-11 08:48:44 CEST.
Flavor | Version | Tinstall | Tcheck | Ttotal | Status | Flags |
---|---|---|---|---|---|---|
r-devel-linux-x86_64-debian-clang | 0.2.2 | 48.57 | 440.23 | 488.80 | OK | |
r-devel-linux-x86_64-debian-gcc | 0.2.2 | 42.35 | 321.16 | 363.51 | OK | |
r-devel-linux-x86_64-fedora-clang | 0.2.2 | 622.00 | OK | |||
r-devel-linux-x86_64-fedora-gcc | 0.2.2 | 641.70 | NOTE | |||
r-devel-windows-x86_64 | 0.2.2 | 46.00 | 304.00 | 350.00 | OK | |
r-patched-linux-x86_64 | 0.2.2 | 35.98 | 405.55 | 441.53 | OK | |
r-release-linux-x86_64 | 0.2.2 | 32.96 | 409.47 | 442.43 | OK | |
r-release-macos-arm64 | 0.2.2 | 184.00 | NOTE | |||
r-release-macos-x86_64 | 0.2.2 | 494.00 | OK | |||
r-release-windows-x86_64 | 0.2.2 | 45.00 | 313.00 | 358.00 | OK | |
r-oldrel-macos-arm64 | 0.2.2 | 160.00 | NOTE | |||
r-oldrel-macos-x86_64 | 0.2.2 | 352.00 | NOTE | |||
r-oldrel-windows-x86_64 | 0.2.2 | 60.00 | 404.00 | 464.00 | OK |
Version: 0.2.2
Check: package dependencies
Result: NOTE
Package suggested but not available for checking: ‘oligo’
Flavor: r-devel-linux-x86_64-fedora-gcc
Version: 0.2.2
Check: package dependencies
Result: NOTE
Package suggested but not available for checking: ‘hgu133plus2.db’
Flavor: r-release-macos-arm64
Version: 0.2.2
Check: package dependencies
Result: NOTE
Packages suggested but not available for checking:
'ROntoTools', 'hgu133plus2.db', 'oligo'
Flavors: r-oldrel-macos-arm64, r-oldrel-macos-x86_64