CRAN Package Check Results for Package RCPA

Last updated on 2024-03-02 00:53:35 CET.

Flavor Version Tinstall Tcheck Ttotal Status Flags
r-devel-linux-x86_64-debian-clang 0.2.1 49.86 439.88 489.74 OK
r-devel-linux-x86_64-debian-gcc 0.2.1 42.79 325.84 368.63 OK
r-devel-linux-x86_64-fedora-clang 0.2.1 611.66 OK
r-devel-linux-x86_64-fedora-gcc 0.2.1 618.33 OK
r-devel-windows-x86_64 0.2.1 45.00 314.00 359.00 OK
r-patched-linux-x86_64 0.2.1 51.96 422.44 474.40 OK
r-release-linux-x86_64 0.2.1 33.13 423.63 456.76 OK
r-release-macos-arm64 0.2.1 154.00 NOTE
r-release-macos-x86_64 0.2.1 353.00 NOTE
r-release-windows-x86_64 0.2.1 59.00 404.00 463.00 OK
r-oldrel-macos-arm64 0.2.1 147.00 NOTE
r-oldrel-windows-x86_64 0.2.1 56.00 393.00 449.00 OK

Additional issues

donttest

Check Details

Version: 0.2.1
Check: package dependencies
Result: NOTE Packages suggested but not available for checking: 'ROntoTools', 'hgu133plus2.db', 'oligo' Flavors: r-release-macos-arm64, r-release-macos-x86_64

Version: 0.2.1
Check: package dependencies
Result: NOTE Packages suggested but not available for checking: 'ROntoTools', 'oligo' Flavor: r-oldrel-macos-arm64