Last updated on 2024-05-21 00:57:22 CEST.
Flavor | Version | Tinstall | Tcheck | Ttotal | Status | Flags |
---|---|---|---|---|---|---|
r-devel-linux-x86_64-debian-clang | 1.0.3 | 3.84 | 77.57 | 81.41 | NOTE | |
r-devel-linux-x86_64-debian-gcc | 1.0.3 | 4.51 | 59.22 | 63.73 | NOTE | |
r-devel-linux-x86_64-fedora-clang | 1.0.3 | 105.52 | NOTE | |||
r-devel-linux-x86_64-fedora-gcc | 1.0.3 | 98.55 | NOTE | |||
r-devel-windows-x86_64 | 1.0.3 | 6.00 | 97.00 | 103.00 | NOTE | |
r-patched-linux-x86_64 | 1.0.3 | 5.80 | 74.02 | 79.82 | NOTE | |
r-release-linux-x86_64 | 1.0.3 | 4.88 | 75.34 | 80.22 | NOTE | |
r-release-macos-arm64 | 1.0.3 | 33.00 | NOTE | |||
r-release-windows-x86_64 | 1.0.3 | 7.00 | 98.00 | 105.00 | NOTE | |
r-oldrel-macos-arm64 | 1.0.3 | 34.00 | NOTE | |||
r-oldrel-macos-x86_64 | 1.0.3 | 55.00 | NOTE | |||
r-oldrel-windows-x86_64 | 1.0.3 | 7.00 | 97.00 | 104.00 | NOTE |
Version: 1.0.3
Check: LazyData
Result: NOTE
'LazyData' is specified without a 'data' directory
Flavors: r-devel-linux-x86_64-debian-clang, r-devel-linux-x86_64-debian-gcc, r-devel-linux-x86_64-fedora-clang, r-devel-linux-x86_64-fedora-gcc, r-devel-windows-x86_64, r-patched-linux-x86_64, r-release-linux-x86_64, r-release-macos-arm64, r-release-windows-x86_64, r-oldrel-macos-arm64, r-oldrel-macos-x86_64, r-oldrel-windows-x86_64
Version: 1.0.3
Check: dependencies in R code
Result: NOTE
Namespace in Imports field not imported from: ‘Rdpack’
All declared Imports should be used.
Flavors: r-devel-linux-x86_64-fedora-clang, r-devel-linux-x86_64-fedora-gcc