CRAN Package Check Results for Package RClimacell

Last updated on 2024-03-01 16:49:29 CET.

Flavor Version Tinstall Tcheck Ttotal Status Flags
r-devel-linux-x86_64-debian-clang 0.1.4 6.29 55.83 62.12 NOTE
r-devel-linux-x86_64-debian-gcc 0.1.4 5.56 42.61 48.17 NOTE
r-devel-linux-x86_64-fedora-clang 0.1.4 77.07 NOTE
r-devel-linux-x86_64-fedora-gcc 0.1.4 85.05 NOTE
r-devel-windows-x86_64 0.1.4 6.00 60.00 66.00 NOTE
r-patched-linux-x86_64 0.1.4 5.79 52.96 58.75 NOTE
r-release-linux-x86_64 0.1.4 3.94 53.35 57.29 NOTE
r-release-macos-arm64 0.1.4 35.00 NOTE
r-release-macos-x86_64 0.1.4 51.00 NOTE
r-release-windows-x86_64 0.1.4 9.00 71.00 80.00 NOTE
r-oldrel-macos-arm64 0.1.4 29.00 NOTE
r-oldrel-windows-x86_64 0.1.4 9.00 72.00 81.00 NOTE

Check Details

Version: 0.1.4
Check: LazyData
Result: NOTE 'LazyData' is specified without a 'data' directory Flavors: r-devel-linux-x86_64-debian-clang, r-devel-linux-x86_64-debian-gcc, r-devel-linux-x86_64-fedora-clang, r-devel-linux-x86_64-fedora-gcc, r-devel-windows-x86_64, r-patched-linux-x86_64, r-release-linux-x86_64, r-release-macos-arm64, r-release-macos-x86_64, r-release-windows-x86_64, r-oldrel-macos-arm64, r-oldrel-windows-x86_64