Last updated on 2023-12-03 00:56:54 CET.
Flavor | Version | Tinstall | Tcheck | Ttotal | Status | Flags |
---|---|---|---|---|---|---|
r-devel-linux-x86_64-debian-clang | 0.9-7 | 28.90 | 226.48 | 255.38 | NOTE | |
r-devel-linux-x86_64-debian-gcc | 0.9-7 | 23.54 | 162.90 | 186.44 | NOTE | |
r-devel-linux-x86_64-fedora-clang | 0.9-7 | 316.60 | OK | |||
r-devel-linux-x86_64-fedora-gcc | 0.9-7 | 318.81 | OK | |||
r-devel-windows-x86_64 | 0.9-7 | 29.00 | 171.00 | 200.00 | OK | |
r-patched-linux-x86_64 | 0.9-7 | 21.20 | 208.15 | 229.35 | OK | |
r-release-linux-x86_64 | 0.9-7 | 20.45 | 208.52 | 228.97 | OK | |
r-release-macos-arm64 | 0.9-7 | 100.00 | OK | |||
r-release-macos-x86_64 | 0.9-7 | 192.00 | OK | |||
r-release-windows-x86_64 | 0.9-7 | 39.00 | 219.00 | 258.00 | OK | |
r-oldrel-macos-arm64 | 0.9-7 | 92.00 | OK | |||
r-oldrel-macos-x86_64 | 0.9-7 | 112.00 | OK | |||
r-oldrel-windows-x86_64 | 0.9-7 | 38.00 | 210.00 | 248.00 | OK |
Version: 0.9-7
Check: Rd files
Result: NOTE
checkRd: (-1) MA.estimates.Rd:108-109: Lost braces in \itemize; \value handles \item{}{} directly
checkRd: (-1) MA.estimates.Rd:109-114: Lost braces in \itemize; \value handles \item{}{} directly
checkRd: (-1) MA.estimates.Rd:110-111: Lost braces in \itemize; \value handles \item{}{} directly
checkRd: (-1) MA.estimates.Rd:111-112: Lost braces in \itemize; \value handles \item{}{} directly
checkRd: (-1) MA.estimates.Rd:112: Lost braces in \itemize; \value handles \item{}{} directly
checkRd: (-1) MA.estimates.Rd:113: Lost braces
113 | \item{Design Effect}{The design effect of the RDS} \item{s.e.}{standard error}
| ^
checkRd: (-1) MA.estimates.Rd:113: Lost braces
113 | \item{Design Effect}{The design effect of the RDS} \item{s.e.}{standard error}
| ^
checkRd: (-1) MA.estimates.Rd:113: Lost braces
113 | \item{Design Effect}{The design effect of the RDS} \item{s.e.}{standard error}
| ^
checkRd: (-1) MA.estimates.Rd:113: Lost braces
113 | \item{Design Effect}{The design effect of the RDS} \item{s.e.}{standard error}
| ^
checkRd: (-1) MA.estimates.Rd:114: Lost braces
114 | \item{n}{count of the number of sample values with that value of the trait} } }
| ^
checkRd: (-1) MA.estimates.Rd:114: Lost braces
114 | \item{n}{count of the number of sample values with that value of the trait} } }
| ^
checkRd: (-1) MA.estimates.Rd:190: Lost braces in \itemize; meant \describe ?
checkRd: (-1) MA.estimates.Rd:191: Lost braces in \itemize; meant \describe ?
checkRd: (-1) rds.interval.estimate.Rd:89: Lost braces in \itemize; meant \describe ?
checkRd: (-1) rds.interval.estimate.Rd:90: Lost braces in \itemize; meant \describe ?
Flavors: r-devel-linux-x86_64-debian-clang, r-devel-linux-x86_64-debian-gcc