CRAN Package Check Results for Package RDocumentation

Last updated on 2024-02-23 16:53:28 CET.

Flavor Version Tinstall Tcheck Ttotal Status Flags
r-devel-linux-x86_64-debian-clang 0.8.2 NOTE
r-devel-linux-x86_64-debian-gcc 0.8.2 1.71 19.41 21.12 NOTE
r-devel-linux-x86_64-fedora-clang 0.8.2 34.48 NOTE
r-devel-linux-x86_64-fedora-gcc 0.8.2 253.60 NOTE
r-devel-windows-x86_64 0.8.2 3.00 42.00 45.00 NOTE
r-patched-linux-x86_64 0.8.2 2.55 24.93 27.48 OK
r-release-linux-x86_64 0.8.2 1.55 24.75 26.30 OK
r-release-macos-arm64 0.8.2 160.00 OK
r-release-macos-x86_64 0.8.2 747.00 OK
r-release-windows-x86_64 0.8.2 3.00 42.00 45.00 OK
r-oldrel-macos-arm64 0.8.2 239.00 OK
r-oldrel-windows-x86_64 0.8.2 3.00 47.00 50.00 OK

Check Details

Version: 0.8.2
Check: Rd contents
Result: NOTE Auto-generated content requiring editing in Rd file 'RDocumentation-package.Rd': \details: ‘...o use the package, including the most important functions ~~’ Flavors: r-devel-linux-x86_64-debian-clang, r-devel-linux-x86_64-debian-gcc, r-devel-linux-x86_64-fedora-clang, r-devel-linux-x86_64-fedora-gcc, r-devel-windows-x86_64