Last updated on 2024-05-21 00:57:23 CEST.
Flavor | Version | Tinstall | Tcheck | Ttotal | Status | Flags |
---|---|---|---|---|---|---|
r-devel-linux-x86_64-debian-clang | 0.8.5 | 4.92 | 73.06 | 77.98 | OK | |
r-devel-linux-x86_64-debian-gcc | 0.8.5 | 3.34 | 53.29 | 56.63 | OK | |
r-devel-linux-x86_64-fedora-clang | 0.8.5 | 97.52 | NOTE | |||
r-devel-linux-x86_64-fedora-gcc | 0.8.5 | 103.32 | NOTE | |||
r-devel-windows-x86_64 | 0.8.5 | 5.00 | 107.00 | 112.00 | OK | |
r-patched-linux-x86_64 | 0.8.5 | 4.13 | 68.33 | 72.46 | OK | |
r-release-linux-x86_64 | 0.8.5 | 4.10 | 69.20 | 73.30 | OK | |
r-release-macos-arm64 | 0.8.5 | 39.00 | OK | |||
r-release-windows-x86_64 | 0.8.5 | 6.00 | 107.00 | 113.00 | OK | |
r-oldrel-macos-arm64 | 0.8.5 | 40.00 | OK | |||
r-oldrel-macos-x86_64 | 0.8.5 | 108.00 | OK | |||
r-oldrel-windows-x86_64 | 0.8.5 | 6.00 | 111.00 | 117.00 | OK |
Version: 0.8.5
Check: dependencies in R code
Result: NOTE
Namespaces in Imports field not imported from:
‘RFlocalfdr.data’ ‘vita’
All declared Imports should be used.
Flavors: r-devel-linux-x86_64-fedora-clang, r-devel-linux-x86_64-fedora-gcc