Last updated on 2024-05-21 00:57:23 CEST.
Flavor | Version | Tinstall | Tcheck | Ttotal | Status | Flags |
---|---|---|---|---|---|---|
r-devel-linux-x86_64-debian-clang | 0.1.2 | 10.44 | 84.91 | 95.35 | NOTE | |
r-devel-linux-x86_64-debian-gcc | 0.1.2 | 6.86 | 63.47 | 70.33 | NOTE | |
r-devel-linux-x86_64-fedora-clang | 0.1.2 | 113.74 | NOTE | |||
r-devel-linux-x86_64-fedora-gcc | 0.1.2 | 109.83 | NOTE | |||
r-devel-windows-x86_64 | 0.1.2 | 8.00 | 76.00 | 84.00 | NOTE | |
r-patched-linux-x86_64 | 0.1.2 | 15.30 | 81.62 | 96.92 | NOTE | |
r-release-linux-x86_64 | 0.1.2 | 7.71 | 80.78 | 88.49 | NOTE | |
r-release-macos-arm64 | 0.1.2 | 36.00 | NOTE | |||
r-release-windows-x86_64 | 0.1.2 | 8.00 | 77.00 | 85.00 | NOTE | |
r-oldrel-macos-arm64 | 0.1.2 | 39.00 | NOTE | |||
r-oldrel-macos-x86_64 | 0.1.2 | 61.00 | NOTE | |||
r-oldrel-windows-x86_64 | 0.1.2 | 11.00 | 92.00 | 103.00 | NOTE |
Version: 0.1.2
Check: LazyData
Result: NOTE
'LazyData' is specified without a 'data' directory
Flavors: r-devel-linux-x86_64-debian-clang, r-devel-linux-x86_64-debian-gcc, r-devel-linux-x86_64-fedora-clang, r-devel-linux-x86_64-fedora-gcc, r-devel-windows-x86_64, r-patched-linux-x86_64, r-release-linux-x86_64, r-release-macos-arm64, r-release-windows-x86_64, r-oldrel-macos-arm64, r-oldrel-macos-x86_64, r-oldrel-windows-x86_64