CRAN Package Check Results for Package RInno

Last updated on 2024-03-01 16:49:30 CET.

Flavor Version Tinstall Tcheck Ttotal Status Flags
r-devel-windows-x86_64 1.0.1 7.00 146.00 153.00 NOTE
r-release-macos-x86_64 1.0.1 8.00 ERROR
r-release-windows-x86_64 1.0.1 8.00 501.00 509.00 NOTE
r-oldrel-windows-x86_64 1.0.1 9.00 418.00 427.00 NOTE

Check Details

Version: 1.0.1
Check: LazyData
Result: NOTE 'LazyData' is specified without a 'data' directory Flavors: r-devel-windows-x86_64, r-release-macos-x86_64, r-release-windows-x86_64, r-oldrel-windows-x86_64

Version: 1.0.1
Check: PDF version of manual
Result: WARN LaTeX errors when creating PDF version. This typically indicates Rd problems. Flavor: r-release-macos-x86_64

Version: 1.0.1
Check: PDF version of manual without index
Result: ERROR Re-running with no redirection of stdout/stderr. Flavor: r-release-macos-x86_64