CRAN Package Check Results for Package RMTL

Last updated on 2024-03-03 01:00:55 CET.

Flavor Version Tinstall Tcheck Ttotal Status Flags
r-devel-linux-x86_64-debian-clang 0.9.9 2.87 53.73 56.60 NOTE
r-devel-linux-x86_64-debian-gcc 0.9.9 3.72 39.74 43.46 NOTE
r-devel-linux-x86_64-fedora-clang 0.9.9 70.59 NOTE
r-devel-linux-x86_64-fedora-gcc 0.9.9 80.31 NOTE
r-devel-windows-x86_64 0.9.9 5.00 59.00 64.00 NOTE
r-patched-linux-x86_64 0.9.9 4.96 52.03 56.99 NOTE
r-release-linux-x86_64 0.9.9 3.15 51.60 54.75 NOTE
r-release-macos-arm64 0.9.9 33.00 NOTE
r-release-macos-x86_64 0.9.9 45.00 NOTE
r-release-windows-x86_64 0.9.9 5.00 67.00 72.00 NOTE
r-oldrel-macos-arm64 0.9.9 27.00 OK
r-oldrel-windows-x86_64 0.9.9 6.00 67.00 73.00 OK

Check Details

Version: 0.9.9
Check: package subdirectories
Result: NOTE Problems with news in ‘NEWS.md’: No news entries found. Flavors: r-devel-linux-x86_64-debian-clang, r-devel-linux-x86_64-debian-gcc, r-devel-linux-x86_64-fedora-clang, r-devel-linux-x86_64-fedora-gcc, r-devel-windows-x86_64, r-patched-linux-x86_64, r-release-linux-x86_64, r-release-macos-arm64, r-release-macos-x86_64, r-release-windows-x86_64