CRAN Package Check Results for Package RMixtCompIO

Last updated on 2024-02-28 00:56:31 CET.

Flavor Version Tinstall Tcheck Ttotal Status Flags
r-devel-linux-x86_64-debian-clang 4.0.11 368.40 156.14 524.54 OK
r-devel-linux-x86_64-debian-gcc 4.0.11 293.64 119.55 413.19 OK
r-devel-linux-x86_64-fedora-clang 4.0.11 747.15 OK
r-devel-linux-x86_64-fedora-gcc 4.0.11 766.43 OK
r-devel-windows-x86_64 4.0.11 283.00 237.00 520.00 OK
r-patched-linux-x86_64 4.0.11 359.17 151.18 510.35 OK
r-release-linux-x86_64 4.0.11 367.27 151.32 518.59 OK
r-release-macos-arm64 4.0.11 135.00 NOTE
r-release-macos-x86_64 4.0.11 226.00 NOTE
r-release-windows-x86_64 4.0.11 359.00 226.00 585.00 OK
r-oldrel-macos-arm64 4.0.11 149.00 NOTE
r-oldrel-windows-x86_64 4.0.11 338.00 220.00 558.00 OK

Check Details

Version: 4.0.11
Check: installed package size
Result: NOTE installed size is 27.5Mb sub-directories of 1Mb or more: libs 27.3Mb Flavors: r-release-macos-arm64, r-release-macos-x86_64, r-oldrel-macos-arm64