CRAN Package Check Results for Package RNHANES

Last updated on 2023-12-02 16:49:26 CET.

Flavor Version Tinstall Tcheck Ttotal Status Flags
r-devel-linux-x86_64-debian-clang 1.1.0 13.06 107.27 120.33 NOTE
r-devel-linux-x86_64-debian-gcc 1.1.0 8.26 79.29 87.55 NOTE
r-devel-linux-x86_64-fedora-clang 1.1.0 149.82 NOTE
r-devel-linux-x86_64-fedora-gcc 1.1.0 155.09 NOTE
r-devel-windows-x86_64 1.1.0 11.00 95.00 106.00 NOTE
r-patched-linux-x86_64 1.1.0 11.42 101.79 113.21 NOTE
r-release-linux-x86_64 1.1.0 9.74 101.07 110.81 NOTE
r-release-macos-arm64 1.1.0 50.00 NOTE
r-release-macos-x86_64 1.1.0 83.00 NOTE
r-release-windows-x86_64 1.1.0 14.00 113.00 127.00 NOTE
r-oldrel-macos-arm64 1.1.0 42.00 NOTE
r-oldrel-macos-x86_64 1.1.0 90.00 NOTE
r-oldrel-windows-x86_64 1.1.0 14.00 116.00 130.00 NOTE

Check Details

Version: 1.1.0
Check: LazyData
Result: NOTE 'LazyData' is specified without a 'data' directory Flavors: r-devel-linux-x86_64-debian-clang, r-devel-linux-x86_64-debian-gcc, r-devel-linux-x86_64-fedora-clang, r-devel-linux-x86_64-fedora-gcc, r-devel-windows-x86_64, r-patched-linux-x86_64, r-release-linux-x86_64, r-release-macos-arm64, r-release-macos-x86_64, r-release-windows-x86_64, r-oldrel-macos-arm64, r-oldrel-macos-x86_64, r-oldrel-windows-x86_64