CRAN Package Check Results for Package RNeXML

Last updated on 2024-02-25 08:53:12 CET.

Flavor Version Tinstall Tcheck Ttotal Status Flags
r-devel-linux-x86_64-debian-clang 2.4.11 19.59 184.79 204.38 NOTE
r-devel-linux-x86_64-debian-gcc 2.4.11 15.80 139.19 154.99 NOTE
r-devel-linux-x86_64-fedora-clang 2.4.11 265.10 NOTE
r-devel-linux-x86_64-fedora-gcc 2.4.11 281.88 NOTE
r-devel-windows-x86_64 2.4.11 18.00 146.00 164.00 OK
r-patched-linux-x86_64 2.4.11 21.09 176.76 197.85 OK
r-release-linux-x86_64 2.4.11 20.20 179.69 199.89 OK
r-release-macos-arm64 2.4.11 82.00 OK
r-release-macos-x86_64 2.4.11 136.00 OK
r-release-windows-x86_64 2.4.11 24.00 185.00 209.00 OK
r-oldrel-macos-arm64 2.4.11 64.00 OK
r-oldrel-windows-x86_64 2.4.11 27.00 180.00 207.00 OK

Check Details

Version: 2.4.11
Check: Rd files
Result: NOTE checkRd: (-1) nexml_get.Rd:30: Lost braces in \itemize; meant \describe ? checkRd: (-1) nexml_get.Rd:31: Lost braces in \itemize; meant \describe ? checkRd: (-1) nexml_get.Rd:32: Lost braces in \itemize; meant \describe ? checkRd: (-1) nexml_get.Rd:33: Lost braces in \itemize; meant \describe ? checkRd: (-1) nexml_get.Rd:34: Lost braces in \itemize; meant \describe ? checkRd: (-1) nexml_get.Rd:35: Lost braces in \itemize; meant \describe ? Flavors: r-devel-linux-x86_64-debian-clang, r-devel-linux-x86_64-debian-gcc, r-devel-linux-x86_64-fedora-clang, r-devel-linux-x86_64-fedora-gcc