Last updated on 2024-05-13 00:51:43 CEST.
Flavor | Version | Tinstall | Tcheck | Ttotal | Status | Flags |
---|---|---|---|---|---|---|
r-devel-linux-x86_64-debian-clang | 2.1.1 | 3.76 | 72.96 | 76.72 | NOTE | |
r-devel-linux-x86_64-debian-gcc | 2.1.1 | 2.77 | 56.86 | 59.63 | NOTE | |
r-devel-linux-x86_64-fedora-clang | 2.1.1 | 98.71 | NOTE | |||
r-devel-linux-x86_64-fedora-gcc | 2.1.1 | 118.46 | NOTE | |||
r-devel-windows-x86_64 | 2.1.1 | 4.00 | 89.00 | 93.00 | NOTE | |
r-patched-linux-x86_64 | 2.1.1 | 5.27 | 73.01 | 78.28 | NOTE | |
r-release-linux-x86_64 | 2.1.1 | 4.26 | 73.02 | 77.28 | NOTE | |
r-release-macos-arm64 | 2.1.1 | 37.00 | NOTE | |||
r-release-windows-x86_64 | 2.1.1 | 4.00 | 87.00 | 91.00 | NOTE | |
r-oldrel-macos-arm64 | 2.1.1 | 39.00 | OK | |||
r-oldrel-macos-x86_64 | 2.1.1 | 63.00 | OK | |||
r-oldrel-windows-x86_64 | 2.1.1 | 5.00 | 96.00 | 101.00 | OK |
Version: 2.1.1
Check: Rd \usage sections
Result: NOTE
Objects in \usage without \alias in Rd file 'gettptnfpfn-defunct.Rd':
‘gettptnfpfn’
Functions with \usage entries need to have the appropriate \alias
entries, and all their arguments documented.
The \usage entries must correspond to syntactically valid R code.
See chapter ‘Writing R documentation files’ in the ‘Writing R
Extensions’ manual.
Flavors: r-devel-linux-x86_64-debian-clang, r-devel-linux-x86_64-debian-gcc, r-devel-linux-x86_64-fedora-clang, r-devel-linux-x86_64-fedora-gcc, r-devel-windows-x86_64, r-patched-linux-x86_64, r-release-linux-x86_64, r-release-macos-arm64, r-release-windows-x86_64