CRAN Package Check Results for Package ROI

Last updated on 2024-02-21 00:54:39 CET.

Flavor Version Tinstall Tcheck Ttotal Status Flags
r-devel-linux-x86_64-debian-clang 1.0-1 NOTE
r-devel-linux-x86_64-debian-gcc 1.0-1 6.33 429.62 435.95 NOTE
r-devel-linux-x86_64-fedora-clang 1.0-1 77.06 OK
r-devel-linux-x86_64-fedora-gcc 1.0-1 71.29 OK
r-devel-windows-x86_64 1.0-1 42.00 329.00 371.00 OK
r-patched-linux-x86_64 1.0-1 7.17 622.50 629.67 OK
r-release-linux-x86_64 1.0-1 6.74 616.99 623.73 OK
r-release-macos-arm64 1.0-1 25.00 OK
r-release-macos-x86_64 1.0-1 46.00 OK
r-release-windows-x86_64 1.0-1 38.00 416.00 454.00 OK
r-oldrel-macos-arm64 1.0-1 26.00 OK
r-oldrel-windows-x86_64 1.0-1 48.00 618.00 666.00 OK

Check Details

Version: 1.0-1
Check: Rd files
Result: NOTE checkRd: (-1) ROI_plugin_build_equality_constraints.Rd:27: Lost braces in \enumerate; meant \describe ? checkRd: (-1) ROI_plugin_build_equality_constraints.Rd:28: Lost braces in \enumerate; meant \describe ? checkRd: (-1) ROI_plugin_build_inequality_constraints.Rd:27: Lost braces in \enumerate; meant \describe ? checkRd: (-1) ROI_plugin_build_inequality_constraints.Rd:28: Lost braces in \enumerate; meant \describe ? checkRd: (-1) ROI_plugin_build_inequality_constraints.Rd:29: Lost braces in \enumerate; meant \describe ? checkRd: (-1) ROI_solve.Rd:26: Lost braces in \itemize; \value handles \item{}{} directly checkRd: (-1) ROI_solve.Rd:27: Lost braces in \itemize; \value handles \item{}{} directly checkRd: (-1) ROI_solve.Rd:28-30: Lost braces in \itemize; \value handles \item{}{} directly checkRd: (-1) ROI_solve.Rd:31: Lost braces in \itemize; \value handles \item{}{} directly Flavors: r-devel-linux-x86_64-debian-clang, r-devel-linux-x86_64-debian-gcc