CRAN Package Check Results for Package RPPASPACE

Last updated on 2024-03-02 16:54:56 CET.

Flavor Version Tinstall Tcheck Ttotal Status Flags
r-devel-linux-x86_64-debian-clang 1.0.10 22.53 139.75 162.28 OK
r-devel-linux-x86_64-debian-gcc 1.0.10 17.04 105.19 122.23 OK
r-devel-linux-x86_64-fedora-clang 1.0.10 208.82 NOTE
r-devel-linux-x86_64-fedora-gcc 1.0.10 201.71 NOTE
r-devel-windows-x86_64 1.0.10 17.00 127.00 144.00 OK
r-patched-linux-x86_64 1.0.10 17.87 136.09 153.96 OK
r-release-linux-x86_64 1.0.10 16.20 137.16 153.36 OK
r-release-macos-arm64 1.0.10 73.00 OK
r-release-macos-x86_64 1.0.10 153.00 OK
r-release-windows-x86_64 1.0.10 23.00 150.00 173.00 OK
r-oldrel-macos-arm64 1.0.10 63.00 OK
r-oldrel-windows-x86_64 1.0.10 23.00 159.00 182.00 OK

Check Details

Version: 1.0.10
Check: dependencies in R code
Result: NOTE Namespaces in Imports field not imported from: ‘SparseM’ ‘nlme’ ‘timeDate’ All declared Imports should be used. Flavors: r-devel-linux-x86_64-fedora-clang, r-devel-linux-x86_64-fedora-gcc