CRAN Package Check Results for Package RPostgres

Last updated on 2024-02-25 01:01:16 CET.

Flavor Version Tinstall Tcheck Ttotal Status Flags
r-devel-linux-x86_64-debian-clang 1.4.6 74.58 63.56 138.14 OK
r-devel-linux-x86_64-debian-gcc 1.4.6 58.36 48.76 107.12 OK
r-devel-linux-x86_64-fedora-clang 1.4.6 217.61 OK
r-devel-linux-x86_64-fedora-gcc 1.4.6 203.18 OK
r-devel-windows-x86_64 1.4.6 137.00 326.00 463.00 NOTE
r-patched-linux-x86_64 1.4.6 78.30 62.48 140.78 OK
r-release-linux-x86_64 1.4.6 72.75 63.70 136.45 OK
r-release-macos-arm64 1.4.6 66.00 NOTE
r-release-macos-x86_64 1.4.6 117.00 NOTE
r-release-windows-x86_64 1.4.6 171.00 377.00 548.00 NOTE
r-oldrel-macos-arm64 1.4.6 68.00 NOTE
r-oldrel-windows-x86_64 1.4.6 144.00 324.00 468.00 NOTE

Check Details

Version: 1.4.6
Check: installed package size
Result: NOTE installed size is 6.5Mb sub-directories of 1Mb or more: libs 6.0Mb Flavors: r-devel-windows-x86_64, r-release-macos-arm64, r-release-macos-x86_64, r-release-windows-x86_64, r-oldrel-macos-arm64, r-oldrel-windows-x86_64