CRAN Package Check Results for Package RProbSup

Last updated on 2024-04-24 16:54:43 CEST.

Flavor Version Tinstall Tcheck Ttotal Status Flags
r-devel-linux-x86_64-debian-clang 3.0 4.23 40.36 44.59 NOTE
r-devel-linux-x86_64-debian-gcc 3.0 2.90 28.71 31.61 NOTE
r-devel-linux-x86_64-fedora-clang 3.0 53.02 NOTE
r-devel-linux-x86_64-fedora-gcc 3.0 51.32 NOTE
r-devel-windows-x86_64 3.0 4.00 48.00 52.00 NOTE
r-patched-linux-x86_64 3.0 4.35 38.56 42.91 NOTE
r-release-linux-x86_64 3.0 3.50 37.78 41.28 NOTE
r-release-macos-arm64 3.0 19.00 NOTE
r-release-windows-x86_64 3.0 5.00 47.00 52.00 NOTE
r-oldrel-macos-arm64 3.0 19.00 NOTE
r-oldrel-macos-x86_64 3.0 26.00 NOTE
r-oldrel-windows-x86_64 3.0 6.00 52.00 58.00 NOTE

Check Details

Version: 3.0
Check: LazyData
Result: NOTE 'LazyData' is specified without a 'data' directory Flavors: r-devel-linux-x86_64-debian-clang, r-devel-linux-x86_64-debian-gcc, r-devel-linux-x86_64-fedora-clang, r-devel-linux-x86_64-fedora-gcc, r-devel-windows-x86_64, r-patched-linux-x86_64, r-release-linux-x86_64, r-release-macos-arm64, r-release-windows-x86_64, r-oldrel-macos-arm64, r-oldrel-macos-x86_64, r-oldrel-windows-x86_64