CRAN Package Check Results for Package RProtoBuf

Last updated on 2024-02-23 08:53:43 CET.

Flavor Version Tinstall Tcheck Ttotal Status Flags
r-devel-linux-x86_64-debian-clang 0.4.22 OK
r-devel-linux-x86_64-debian-gcc 0.4.22 249.65 51.54 301.19 OK
r-devel-linux-x86_64-fedora-clang 0.4.22 610.58 OK
r-devel-linux-x86_64-fedora-gcc 0.4.22 650.61 OK
r-devel-windows-x86_64 0.4.22 321.00 192.00 513.00 NOTE
r-patched-linux-x86_64 0.4.22 335.46 65.85 401.31 OK
r-release-linux-x86_64 0.4.22 326.10 65.10 391.20 OK
r-release-macos-arm64 0.4.22 127.00 NOTE
r-release-macos-x86_64 0.4.22 249.00 NOTE
r-release-windows-x86_64 0.4.22 259.00 196.00 455.00 OK
r-oldrel-macos-arm64 0.4.22 131.00 NOTE
r-oldrel-windows-x86_64 0.4.22 299.00 172.00 471.00 OK

Check Details

Version: 0.4.22
Check: installed package size
Result: NOTE installed size is 5.2Mb sub-directories of 1Mb or more: libs 3.9Mb Flavors: r-devel-windows-x86_64, r-release-macos-arm64, r-release-macos-x86_64, r-oldrel-macos-arm64