CRAN Package Check Results for Package RPtests

Last updated on 2024-02-21 00:54:39 CET.

Flavor Version Tinstall Tcheck Ttotal Status Flags
r-devel-linux-x86_64-debian-clang 0.1.5 OK
r-devel-linux-x86_64-debian-gcc 0.1.5 19.23 62.72 81.95 OK
r-devel-linux-x86_64-fedora-clang 0.1.5 139.50 NOTE
r-devel-linux-x86_64-fedora-gcc 0.1.5 138.30 OK
r-devel-windows-x86_64 0.1.5 22.00 104.00 126.00 OK
r-patched-linux-x86_64 0.1.5 26.60 79.95 106.55 OK
r-release-linux-x86_64 0.1.5 25.54 80.51 106.05 OK
r-release-macos-arm64 0.1.5 45.00 OK
r-release-macos-x86_64 0.1.5 68.00 OK
r-release-windows-x86_64 0.1.5 28.00 124.00 152.00 OK
r-oldrel-macos-arm64 0.1.5 43.00 OK
r-oldrel-windows-x86_64 0.1.5 27.00 118.00 145.00 OK

Check Details

Version: 0.1.5
Check: Rd cross-references
Result: NOTE Undeclared package ‘scalreg’ in Rd xrefs Flavor: r-devel-linux-x86_64-fedora-clang