Last updated on 2024-04-17 16:53:20 CEST.
Flavor | Version | Tinstall | Tcheck | Ttotal | Status | Flags |
---|---|---|---|---|---|---|
r-devel-linux-x86_64-debian-clang | 0.2-1 | 4.16 | 64.15 | 68.31 | NOTE | |
r-devel-linux-x86_64-debian-gcc | 0.2-1 | 3.33 | 50.22 | 53.55 | NOTE | |
r-devel-linux-x86_64-fedora-clang | 0.2-1 | 85.08 | NOTE | |||
r-devel-linux-x86_64-fedora-gcc | 0.2-1 | 81.70 | NOTE | |||
r-prerel-macos-arm64 | 0.2-1 | 30.00 | NOTE | |||
r-prerel-windows-x86_64 | 0.2-1 | 5.00 | 75.00 | 80.00 | NOTE | |
r-patched-linux-x86_64 | 0.2-1 | 4.17 | 63.95 | 68.12 | NOTE | |
r-release-linux-x86_64 | 0.2-1 | 4.08 | 61.73 | 65.81 | OK | |
r-release-macos-arm64 | 0.2-1 | 29.00 | OK | |||
r-release-macos-x86_64 | 0.2-1 | 48.00 | OK | |||
r-release-windows-x86_64 | 0.2-1 | 4.00 | 80.00 | 84.00 | OK | |
r-oldrel-macos-arm64 | 0.2-1 | 27.00 | OK | |||
r-oldrel-windows-x86_64 | 0.2-1 | 7.00 | 86.00 | 93.00 | OK |
Version: 0.2-1
Check: Rd files
Result: NOTE
checkRd: (-1) RTDE.Rd:78: Lost braces in \itemize; meant \describe ?
checkRd: (-1) RTDE.Rd:79: Lost braces in \itemize; meant \describe ?
Flavors: r-devel-linux-x86_64-debian-clang, r-devel-linux-x86_64-debian-gcc, r-devel-linux-x86_64-fedora-clang, r-devel-linux-x86_64-fedora-gcc, r-prerel-macos-arm64, r-prerel-windows-x86_64, r-patched-linux-x86_64