CRAN Package Check Results for Package RTTWebClient

Last updated on 2024-02-23 16:53:29 CET.

Flavor Version Tinstall Tcheck Ttotal Status Flags
r-devel-linux-x86_64-debian-clang 0.1.3 NOTE
r-devel-linux-x86_64-debian-gcc 0.1.3 3.64 27.59 31.23 NOTE
r-devel-linux-x86_64-fedora-clang 0.1.3 51.06 NOTE
r-devel-linux-x86_64-fedora-gcc 0.1.3 61.61 NOTE
r-devel-windows-x86_64 0.1.3 5.00 49.00 54.00 NOTE
r-patched-linux-x86_64 0.1.3 4.46 34.46 38.92 NOTE
r-release-linux-x86_64 0.1.3 2.76 34.12 36.88 NOTE
r-release-macos-arm64 0.1.3 39.00 NOTE
r-release-macos-x86_64 0.1.3 35.00 NOTE
r-release-windows-x86_64 0.1.3 6.00 51.00 57.00 NOTE
r-oldrel-macos-arm64 0.1.3 19.00 OK
r-oldrel-windows-x86_64 0.1.3 7.00 55.00 62.00 OK

Check Details

Version: 0.1.3
Check: package subdirectories
Result: NOTE Problems with news in ‘NEWS.md’: No news entries found. Flavors: r-devel-linux-x86_64-debian-clang, r-devel-linux-x86_64-debian-gcc, r-devel-linux-x86_64-fedora-clang, r-devel-linux-x86_64-fedora-gcc, r-devel-windows-x86_64, r-patched-linux-x86_64, r-release-linux-x86_64, r-release-macos-arm64, r-release-macos-x86_64, r-release-windows-x86_64