CRAN Package Check Results for Package RVA

Last updated on 2024-02-24 08:49:49 CET.

Flavor Version Tinstall Tcheck Ttotal Status Flags
r-devel-linux-x86_64-debian-clang 0.0.5 45.49 504.06 549.55 OK
r-devel-linux-x86_64-debian-gcc 0.0.5 40.48 373.99 414.47 OK
r-devel-linux-x86_64-fedora-clang 0.0.5 721.11 NOTE
r-devel-linux-x86_64-fedora-gcc 0.0.5 683.75 NOTE
r-devel-windows-x86_64 0.0.5 49.00 372.00 421.00 OK
r-patched-linux-x86_64 0.0.5 46.54 493.47 540.01 OK
r-release-linux-x86_64 0.0.5 51.72 484.68 536.40 OK
r-release-macos-arm64 0.0.5 10.00 ERROR
r-release-macos-x86_64 0.0.5 6.00 ERROR
r-release-windows-x86_64 0.0.5 64.00 454.00 518.00 OK
r-oldrel-macos-arm64 0.0.5 10.00 ERROR
r-oldrel-windows-x86_64 0.0.5 62.00 504.00 566.00 OK

Check Details

Version: 0.0.5
Check: package dependencies
Result: NOTE Imports includes 22 non-default packages. Importing from so many packages makes the package vulnerable to any of them becoming unavailable. Move as many as possible to Suggests and use conditionally. Flavor: r-devel-linux-x86_64-fedora-clang

Version: 0.0.5
Check: dependencies in R code
Result: NOTE Namespace in Imports field not imported from: ‘XML’ All declared Imports should be used. Flavors: r-devel-linux-x86_64-fedora-clang, r-devel-linux-x86_64-fedora-gcc

Version: 0.0.5
Check: package dependencies
Result: ERROR Package required but not available: ‘GSVAdata’ See section ‘The DESCRIPTION file’ in the ‘Writing R Extensions’ manual. Flavors: r-release-macos-arm64, r-release-macos-x86_64

Version: 0.0.5
Check: package dependencies
Result: ERROR Package required but not available: ‘rWikiPathways’ See section ‘The DESCRIPTION file’ in the ‘Writing R Extensions’ manual. Flavor: r-oldrel-macos-arm64