CRAN Package Check Results for Package RZooRoH

Last updated on 2024-02-26 00:50:58 CET.

Flavor Version Tinstall Tcheck Ttotal Status Flags
r-devel-linux-x86_64-debian-clang 0.3.2.1 13.21 260.55 273.76 OK
r-devel-linux-x86_64-debian-gcc 0.3.2.1 10.38 67.91 78.29 OK
r-devel-linux-x86_64-fedora-clang 0.3.2.1 134.14 NOTE
r-devel-linux-x86_64-fedora-gcc 0.3.2.1 136.65 OK
r-devel-windows-x86_64 0.3.2.1 16.00 155.00 171.00 OK
r-patched-linux-x86_64 0.3.2.1 12.09 85.86 97.95 OK
r-release-linux-x86_64 0.3.2.1 13.42 87.95 101.37 OK
r-release-macos-arm64 0.3.2.1 56.00 OK
r-release-macos-x86_64 0.3.2.1 106.00 OK
r-release-windows-x86_64 0.3.2.1 19.00 144.00 163.00 OK
r-oldrel-macos-arm64 0.3.2.1 55.00 OK
r-oldrel-windows-x86_64 0.3.2.1 18.00 142.00 160.00 OK

Check Details

Version: 0.3.2.1
Check: installed package size
Result: NOTE installed size is 6.2Mb sub-directories of 1Mb or more: exdata 2.4Mb libs 1.9Mb Flavor: r-devel-linux-x86_64-fedora-clang