CRAN Package Check Results for Package RagGrid

Last updated on 2024-02-21 00:54:38 CET.

Flavor Version Tinstall Tcheck Ttotal Status Flags
r-devel-linux-x86_64-debian-clang 0.2.0 OK
r-devel-linux-x86_64-debian-gcc 0.2.0 2.76 21.96 24.72 OK
r-devel-linux-x86_64-fedora-clang 0.2.0 40.11 NOTE
r-devel-linux-x86_64-fedora-gcc 0.2.0 37.55 NOTE
r-devel-windows-x86_64 0.2.0 4.00 43.00 47.00 OK
r-patched-linux-x86_64 0.2.0 2.73 28.36 31.09 OK
r-release-linux-x86_64 0.2.0 2.11 28.33 30.44 OK
r-release-macos-arm64 0.2.0 19.00 OK
r-release-macos-x86_64 0.2.0 24.00 OK
r-release-windows-x86_64 0.2.0 6.00 44.00 50.00 OK
r-oldrel-macos-arm64 0.2.0 17.00 NOTE
r-oldrel-windows-x86_64 0.2.0 6.00 48.00 54.00 OK

Check Details

Version: 0.2.0
Check: dependencies in R code
Result: NOTE Namespace in Imports field not imported from: ‘knitr’ All declared Imports should be used. Flavors: r-devel-linux-x86_64-fedora-clang, r-devel-linux-x86_64-fedora-gcc, r-oldrel-macos-arm64