CRAN Package Check Results for Package RandMeta

Last updated on 2024-05-19 00:52:27 CEST.

Flavor Version Tinstall Tcheck Ttotal Status Flags
r-devel-linux-x86_64-debian-clang 0.1.0 3.77 24.05 27.82 NOTE
r-devel-linux-x86_64-debian-gcc 0.1.0 3.54 18.77 22.31 NOTE
r-devel-linux-x86_64-fedora-clang 0.1.0 36.96 NOTE
r-devel-linux-x86_64-fedora-gcc 0.1.0 40.90 NOTE
r-devel-windows-x86_64 0.1.0 3.00 36.00 39.00 NOTE
r-patched-linux-x86_64 0.1.0 4.02 23.33 27.35 NOTE
r-release-linux-x86_64 0.1.0 3.28 23.63 26.91 NOTE
r-release-macos-arm64 0.1.0 18.00 NOTE
r-release-windows-x86_64 0.1.0 4.00 35.00 39.00 NOTE
r-oldrel-macos-arm64 0.1.0 16.00 NOTE
r-oldrel-macos-x86_64 0.1.0 22.00 NOTE
r-oldrel-windows-x86_64 0.1.0 4.00 36.00 40.00 NOTE

Check Details

Version: 0.1.0
Check: LazyData
Result: NOTE 'LazyData' is specified without a 'data' directory Flavors: r-devel-linux-x86_64-debian-clang, r-devel-linux-x86_64-debian-gcc, r-devel-linux-x86_64-fedora-clang, r-devel-linux-x86_64-fedora-gcc, r-devel-windows-x86_64, r-patched-linux-x86_64, r-release-linux-x86_64, r-release-macos-arm64, r-release-windows-x86_64, r-oldrel-macos-arm64, r-oldrel-macos-x86_64, r-oldrel-windows-x86_64