Last updated on 2024-04-28 00:56:50 CEST.
Flavor | Version | Tinstall | Tcheck | Ttotal | Status | Flags |
---|---|---|---|---|---|---|
r-devel-linux-x86_64-debian-clang | 0.2.2 | 13.00 | 129.19 | 142.19 | NOTE | |
r-devel-linux-x86_64-debian-gcc | 0.2.2 | 13.05 | 95.38 | 108.43 | NOTE | |
r-devel-linux-x86_64-fedora-clang | 0.2.2 | 181.25 | NOTE | |||
r-devel-linux-x86_64-fedora-gcc | 0.2.2 | 172.33 | NOTE | |||
r-devel-windows-x86_64 | 0.2.2 | 13.00 | 99.00 | 112.00 | NOTE | |
r-patched-linux-x86_64 | 0.2.2 | 9.26 | 117.95 | 127.21 | NOTE | |
r-release-linux-x86_64 | 0.2.2 | 9.44 | 122.13 | 131.57 | NOTE | |
r-release-macos-arm64 | 0.2.2 | 51.00 | NOTE | |||
r-release-windows-x86_64 | 0.2.2 | 13.00 | 99.00 | 112.00 | NOTE | |
r-oldrel-macos-arm64 | 0.2.2 | 53.00 | NOTE | |||
r-oldrel-macos-x86_64 | 0.2.2 | 90.00 | NOTE | |||
r-oldrel-windows-x86_64 | 0.2.2 | 18.00 | 122.00 | 140.00 | NOTE |
Version: 0.2.2
Check: LazyData
Result: NOTE
'LazyData' is specified without a 'data' directory
Flavors: r-devel-linux-x86_64-debian-clang, r-devel-linux-x86_64-debian-gcc, r-devel-linux-x86_64-fedora-clang, r-devel-linux-x86_64-fedora-gcc, r-devel-windows-x86_64, r-patched-linux-x86_64, r-release-linux-x86_64, r-release-macos-arm64, r-release-windows-x86_64, r-oldrel-macos-arm64, r-oldrel-macos-x86_64, r-oldrel-windows-x86_64