Last updated on 2024-08-31 17:49:04 CEST.
Flavor | Version | Tinstall | Tcheck | Ttotal | Status | Flags |
---|---|---|---|---|---|---|
r-devel-linux-x86_64-debian-clang | 0.98.0 | 49.95 | 57.19 | 107.14 | OK | |
r-devel-linux-x86_64-debian-gcc | 0.98.0 | 34.42 | 43.93 | 78.35 | OK | |
r-devel-linux-x86_64-fedora-clang | 0.98.0 | 188.24 | OK | |||
r-devel-linux-x86_64-fedora-gcc | 0.98.0 | 222.37 | OK | |||
r-devel-windows-x86_64 | 0.98.0 | 51.00 | 137.00 | 188.00 | OK | |
r-patched-linux-x86_64 | 0.98.0 | 50.62 | 57.81 | 108.43 | OK | |
r-release-linux-x86_64 | 0.98.0 | 48.36 | 58.50 | 106.86 | OK | |
r-release-macos-arm64 | 0.98.0 | 57.00 | NOTE | |||
r-release-macos-x86_64 | 0.98.0 | 98.00 | NOTE | |||
r-release-windows-x86_64 | 0.98.0 | 56.00 | 153.00 | 209.00 | OK | |
r-oldrel-macos-arm64 | 0.98.0 | 77.00 | NOTE | |||
r-oldrel-macos-x86_64 | 0.98.0 | 173.00 | NOTE | |||
r-oldrel-windows-x86_64 | 0.98.0 | 63.00 | 148.00 | 211.00 | OK |
Version: 0.98.0
Check: installed package size
Result: NOTE
installed size is 5.2Mb
sub-directories of 1Mb or more:
libs 4.5Mb
Flavors: r-release-macos-arm64, r-release-macos-x86_64, r-oldrel-macos-arm64, r-oldrel-macos-x86_64