CRAN Package Check Results for Package Rankcluster

Last updated on 2024-02-27 00:59:26 CET.

Flavor Version Tinstall Tcheck Ttotal Status Flags
r-devel-linux-x86_64-debian-clang 0.98.0 65.39 72.06 137.45 OK
r-devel-linux-x86_64-debian-gcc 0.98.0 58.49 57.43 115.92 OK
r-devel-linux-x86_64-fedora-clang 0.98.0 207.61 OK
r-devel-linux-x86_64-fedora-gcc 0.98.0 215.22 OK
r-devel-windows-x86_64 0.98.0 57.00 133.00 190.00 OK
r-patched-linux-x86_64 0.98.0 65.81 71.52 137.33 OK
r-release-linux-x86_64 0.98.0 71.12 71.80 142.92 OK
r-release-macos-arm64 0.98.0 77.00 NOTE
r-release-macos-x86_64 0.98.0 173.00 NOTE
r-release-windows-x86_64 0.98.0 73.00 147.00 220.00 OK
r-oldrel-macos-arm64 0.98.0 69.00 NOTE
r-oldrel-windows-x86_64 0.98.0 67.00 149.00 216.00 OK

Check Details

Version: 0.98.0
Check: installed package size
Result: NOTE installed size is 5.4Mb sub-directories of 1Mb or more: libs 4.8Mb Flavors: r-release-macos-arm64, r-release-macos-x86_64, r-oldrel-macos-arm64