CRAN Package Check Results for Package Ravages

Last updated on 2024-02-24 08:49:47 CET.

Flavor Version Tinstall Tcheck Ttotal Status Flags
r-devel-linux-x86_64-debian-clang 1.1.3 376.54 172.63 549.17 NOTE
r-devel-linux-x86_64-debian-gcc 1.1.3 298.04 139.26 437.30 NOTE
r-devel-linux-x86_64-fedora-clang 1.1.3 839.58 NOTE
r-devel-linux-x86_64-fedora-gcc 1.1.3 852.57 NOTE
r-devel-windows-x86_64 1.1.3 291.00 189.00 480.00 NOTE
r-patched-linux-x86_64 1.1.3 273.73 178.72 452.45 OK
r-release-linux-x86_64 1.1.3 264.23 177.82 442.05 OK
r-release-macos-arm64 1.1.3 218.00 NOTE
r-release-macos-x86_64 1.1.3 349.00 NOTE
r-release-windows-x86_64 1.1.3 372.00 228.00 600.00 NOTE
r-oldrel-macos-arm64 1.1.3 213.00 NOTE
r-oldrel-windows-x86_64 1.1.3 341.00 230.00 571.00 NOTE

Additional issues

Intel

Check Details

Version: 1.1.3
Check: Rd files
Result: NOTE checkRd: (-1) rbm.haplos.power.Rd:35: Lost braces; missing escapes or markup? 35 | \item{simus.haplos}{ Which method to simulate the data, if \code{simus.haplos="freqs"}, {rbm.haplos.freqs()} is used, otherwise \code{rbm.haplos.thresholds()} is used.} | ^ Flavors: r-devel-linux-x86_64-debian-clang, r-devel-linux-x86_64-debian-gcc, r-devel-linux-x86_64-fedora-clang, r-devel-linux-x86_64-fedora-gcc

Version: 1.1.3
Check: installed package size
Result: NOTE installed size is 5.6Mb sub-directories of 1Mb or more: data 3.9Mb Flavors: r-devel-linux-x86_64-fedora-clang, r-devel-windows-x86_64, r-release-macos-arm64, r-release-macos-x86_64, r-release-windows-x86_64, r-oldrel-macos-arm64, r-oldrel-windows-x86_64