CRAN Package Check Results for Package Rblpapi

Last updated on 2024-02-24 16:48:30 CET.

Flavor Version Tinstall Tcheck Ttotal Status Flags
r-devel-linux-x86_64-debian-clang 0.3.14 158.46 35.22 193.68 NOTE
r-devel-linux-x86_64-debian-gcc 0.3.14 125.37 27.37 152.74 NOTE
r-devel-linux-x86_64-fedora-clang 0.3.14 313.75 NOTE
r-devel-linux-x86_64-fedora-gcc 0.3.14 304.13 NOTE
r-devel-windows-x86_64 0.3.14 113.00 165.00 278.00 NOTE
r-patched-linux-x86_64 0.3.14 160.17 35.31 195.48 NOTE
r-release-linux-x86_64 0.3.14 155.13 35.28 190.41 NOTE
r-release-macos-arm64 0.3.14 11.00 ERROR
r-release-macos-x86_64 0.3.14 130.00 NOTE
r-release-windows-x86_64 0.3.14 107.00 186.00 293.00 NOTE
r-oldrel-macos-arm64 0.3.14 12.00 ERROR
r-oldrel-windows-x86_64 0.3.14 148.00 169.00 317.00 NOTE

Check Details

Version: 0.3.14
Check: C++ specification
Result: NOTE Specified C++11: please drop specification unless essential Flavors: r-devel-linux-x86_64-debian-clang, r-devel-linux-x86_64-debian-gcc, r-devel-linux-x86_64-fedora-clang, r-devel-linux-x86_64-fedora-gcc, r-devel-windows-x86_64, r-patched-linux-x86_64, r-release-linux-x86_64, r-release-macos-x86_64, r-release-windows-x86_64

Version: 0.3.14
Check: installed package size
Result: NOTE installed size is 8.6Mb sub-directories of 1Mb or more: blp 7.1Mb Flavors: r-devel-linux-x86_64-fedora-clang, r-devel-windows-x86_64, r-release-macos-x86_64, r-release-windows-x86_64, r-oldrel-windows-x86_64

Version: 0.3.14
Check: whether package can be installed
Result: ERROR Installation failed. Flavors: r-release-macos-arm64, r-oldrel-macos-arm64