CRAN Package Check Results for Package Rcmdr

Last updated on 2024-02-28 16:50:44 CET.

Flavor Version Tinstall Tcheck Ttotal Status Flags
r-devel-linux-x86_64-debian-clang 2.9-2 57.44 313.84 371.28 OK
r-devel-linux-x86_64-debian-gcc 2.9-2 40.87 227.04 267.91 OK
r-devel-linux-x86_64-fedora-clang 2.9-2 493.63 NOTE
r-devel-linux-x86_64-fedora-gcc 2.9-2 428.99 OK
r-devel-windows-x86_64 2.9-2 34.00 246.00 280.00 NOTE
r-patched-linux-x86_64 2.9-2 42.54 266.95 309.49 OK
r-release-linux-x86_64 2.9-2 40.94 267.24 308.18 OK
r-release-macos-arm64 2.9-2 115.00 NOTE
r-release-macos-x86_64 2.9-2 192.00 NOTE
r-release-windows-x86_64 2.9-2 46.00 262.00 308.00 NOTE
r-oldrel-macos-arm64 2.9-2 163.00 NOTE
r-oldrel-windows-x86_64 2.9-2 51.00 246.00 297.00 NOTE

Check Details

Version: 2.9-2
Check: installed package size
Result: NOTE installed size is 8.0Mb sub-directories of 1Mb or more: R 1.2Mb doc 3.5Mb po 2.5Mb Flavors: r-devel-linux-x86_64-fedora-clang, r-devel-windows-x86_64, r-release-macos-arm64, r-release-macos-x86_64, r-release-windows-x86_64, r-oldrel-macos-arm64, r-oldrel-windows-x86_64