CRAN Package Check Results for Package RcmdrPlugin.aRnova

Last updated on 2024-03-01 00:55:29 CET.

Flavor Version Tinstall Tcheck Ttotal Status Flags
r-devel-linux-x86_64-debian-clang 0.0.5 25.63 180.63 206.26 NOTE
r-devel-linux-x86_64-debian-gcc 0.0.5 19.14 131.62 150.76 NOTE
r-devel-linux-x86_64-fedora-clang 0.0.5 262.83 NOTE
r-devel-linux-x86_64-fedora-gcc 0.0.5 232.74 NOTE
r-devel-windows-x86_64 0.0.5 20.00 150.00 170.00 OK
r-patched-linux-x86_64 0.0.5 13.40 148.68 162.08 OK
r-release-linux-x86_64 0.0.5 18.59 146.70 165.29 OK
r-release-macos-arm64 0.0.5 76.00 OK
r-release-macos-x86_64 0.0.5 126.00 OK
r-release-windows-x86_64 0.0.5 24.00 195.00 219.00 OK
r-oldrel-macos-arm64 0.0.5 105.00 OK
r-oldrel-windows-x86_64 0.0.5 23.00 143.00 166.00 OK

Check Details

Version: 0.0.5
Check: Rd files
Result: NOTE checkRd: (-1) multiWayAnova_.Rd:19-20: Lost braces in \itemize; meant \describe ? checkRd: (-1) multiWayAnova_.Rd:21: Lost braces in \itemize; meant \describe ? checkRd: (-1) multiWayAnova_.Rd:22-23: Lost braces in \itemize; meant \describe ? checkRd: (-1) multiWayAnova_.Rd:24-25: Lost braces in \itemize; meant \describe ? checkRd: (-1) multiWayAnova_.Rd:29: Lost braces in \itemize; meant \describe ? checkRd: (-1) multiWayAnova_.Rd:30: Lost braces in \itemize; meant \describe ? checkRd: (-1) multiWayAnova_.Rd:31-32: Lost braces in \itemize; meant \describe ? checkRd: (-1) multiWayAnova_.Rd:33: Lost braces in \itemize; meant \describe ? checkRd: (-1) multiWayAnova_.Rd:34-38: Lost braces in \itemize; meant \describe ? checkRd: (-1) oneWayAnova_.Rd:19: Lost braces in \itemize; meant \describe ? checkRd: (-1) oneWayAnova_.Rd:20-21: Lost braces in \itemize; meant \describe ? checkRd: (-1) oneWayAnova_.Rd:22: Lost braces in \itemize; meant \describe ? checkRd: (-1) oneWayAnova_.Rd:27: Lost braces in \itemize; meant \describe ? checkRd: (-1) oneWayAnova_.Rd:28: Lost braces in \itemize; meant \describe ? checkRd: (-1) oneWayAnova_.Rd:29-30: Lost braces in \itemize; meant \describe ? checkRd: (-1) oneWayAnova_.Rd:31: Lost braces in \itemize; meant \describe ? checkRd: (-1) repMeasAnova.Rd:26-27: Lost braces in \itemize; meant \describe ? checkRd: (-1) repMeasAnova.Rd:28: Lost braces in \itemize; meant \describe ? checkRd: (-1) repMeasAnova.Rd:29-30: Lost braces in \itemize; meant \describe ? checkRd: (-1) repMeasAnova.Rd:31-32: Lost braces in \itemize; meant \describe ? checkRd: (-1) repMeasAnova.Rd:36-50: Lost braces in \itemize; meant \describe ? checkRd: (-1) repMeasAnova.Rd:39: Lost braces in \itemize; meant \describe ? checkRd: (-1) repMeasAnova.Rd:40: Lost braces in \itemize; meant \describe ? checkRd: (-1) repMeasAnova.Rd:41-42: Lost braces in \itemize; meant \describe ? checkRd: (-1) repMeasAnova.Rd:43-44: Lost braces in \itemize; meant \describe ? checkRd: (-1) repMeasAnova.Rd:45-47: Lost braces in \itemize; meant \describe ? checkRd: (-1) repMeasAnova.Rd:51: Lost braces in \itemize; meant \describe ? checkRd: (-1) repMeasAnova.Rd:52: Lost braces in \itemize; meant \describe ? checkRd: (-1) repMeasAnova.Rd:53-54: Lost braces in \itemize; meant \describe ? checkRd: (-1) repMeasAnova.Rd:55: Lost braces in \itemize; meant \describe ? checkRd: (-1) repMeasAnovaSetup.Rd:19-21: Lost braces in \itemize; meant \describe ? checkRd: (-1) repMeasAnovaSetup.Rd:22-24: Lost braces in \itemize; meant \describe ? Flavors: r-devel-linux-x86_64-debian-clang, r-devel-linux-x86_64-debian-gcc, r-devel-linux-x86_64-fedora-clang, r-devel-linux-x86_64-fedora-gcc

Version: 0.0.5
Check: Rd cross-references
Result: NOTE Undeclared package ‘car’ in Rd xrefs Flavor: r-devel-linux-x86_64-fedora-clang