CRAN Package Check Results for Package Rcplex

Last updated on 2024-03-02 16:54:55 CET.

Flavor Version Tinstall Tcheck Ttotal Status Flags
r-devel-linux-x86_64-debian-clang 0.3-6 2.92 27.64 30.56 OK --install=fake --no-examples --no-tests --no-vignettes
r-devel-linux-x86_64-debian-gcc 0.3-6 2.09 21.29 23.38 OK --install=fake --no-examples --no-tests --no-vignettes
r-devel-windows-x86_64 0.3-6 9.00 7.00 16.00 ERROR
r-patched-linux-x86_64 0.3-6 2.26 26.88 29.14 OK --install=fake --no-examples --no-tests --no-vignettes
r-release-linux-x86_64 0.3-6 2.35 26.92 29.27 OK --install=fake --no-examples --no-tests --no-vignettes
r-release-macos-arm64 0.3-6 11.00 ERROR
r-release-macos-x86_64 0.3-6 12.00 ERROR
r-release-windows-x86_64 0.3-5 3.00 7.00 10.00 ERROR
r-oldrel-macos-arm64 0.3-6 11.00 ERROR
r-oldrel-windows-x86_64 0.3-3 1.00 30.00 31.00 ERROR

Check Details

Version: 0.3-6
Check: whether package can be installed
Result: ERROR Installation failed. Flavors: r-devel-windows-x86_64, r-release-macos-arm64, r-release-macos-x86_64, r-oldrel-macos-arm64

Version: 0.3-5
Check: whether package can be installed
Result: ERROR Installation failed. Flavor: r-release-windows-x86_64

Version: 0.3-3
Check: whether package can be installed
Result: ERROR Installation failed. Flavor: r-oldrel-windows-x86_64