Last updated on 2023-12-09 08:49:54 CET.
Flavor | Version | Tinstall | Tcheck | Ttotal | Status | Flags |
---|---|---|---|---|---|---|
r-devel-linux-x86_64-debian-clang | 0.12.6.6.1 | 59.02 | 315.18 | 374.20 | OK | |
r-devel-linux-x86_64-debian-gcc | 0.12.6.6.1 | 36.61 | 199.97 | 236.58 | OK | |
r-devel-linux-x86_64-fedora-clang | 0.12.6.6.1 | 477.89 | NOTE | |||
r-devel-linux-x86_64-fedora-gcc | 0.12.6.6.1 | 488.76 | OK | |||
r-devel-windows-x86_64 | 0.12.6.6.1 | 53.00 | 281.00 | 334.00 | NOTE | |
r-patched-linux-x86_64 | 0.12.6.6.1 | 45.66 | 272.58 | 318.24 | OK | |
r-release-linux-x86_64 | 0.12.6.6.0 | 45.01 | 271.81 | 316.82 | OK | |
r-release-macos-arm64 | 0.12.6.6.1 | 131.00 | NOTE | |||
r-release-macos-x86_64 | 0.12.6.6.1 | 387.00 | NOTE | |||
r-release-windows-x86_64 | 0.12.6.6.1 | 63.00 | 326.00 | 389.00 | NOTE | |
r-oldrel-macos-arm64 | 0.12.6.6.1 | 128.00 | NOTE | |||
r-oldrel-macos-x86_64 | 0.12.6.4.0 | 206.00 | NOTE | |||
r-oldrel-windows-x86_64 | 0.12.6.6.0 | 61.00 | 303.00 | 364.00 | NOTE |
Version: 0.12.6.6.1
Check: installed package size
Result: NOTE
installed size is 7.6Mb
sub-directories of 1Mb or more:
include 6.5Mb
Flavors: r-devel-linux-x86_64-fedora-clang, r-devel-windows-x86_64, r-release-macos-arm64, r-release-macos-x86_64, r-release-windows-x86_64, r-oldrel-macos-arm64
Version: 0.12.6.4.0
Check: installed package size
Result: NOTE
installed size is 9.4Mb
sub-directories of 1Mb or more:
include 6.5Mb
libs 2.1Mb
Flavor: r-oldrel-macos-x86_64
Version: 0.12.6.6.0
Check: installed package size
Result: NOTE
installed size is 8.6Mb
sub-directories of 1Mb or more:
include 6.6Mb
libs 1.2Mb
Flavor: r-oldrel-windows-x86_64