CRAN Package Check Results for Package RcppCCTZ

Last updated on 2024-02-26 16:56:34 CET.

Flavor Version Tinstall Tcheck Ttotal Status Flags
r-devel-linux-x86_64-debian-clang 0.2.12 47.09 30.18 77.27 NOTE
r-devel-linux-x86_64-debian-gcc 0.2.12 36.96 23.78 60.74 NOTE
r-devel-linux-x86_64-fedora-clang 0.2.12 129.99 NOTE
r-devel-linux-x86_64-fedora-gcc 0.2.12 110.47 NOTE
r-devel-windows-x86_64 0.2.12 41.00 75.00 116.00 NOTE
r-patched-linux-x86_64 0.2.12 45.85 30.18 76.03 NOTE
r-release-linux-x86_64 0.2.12 48.81 30.09 78.90 NOTE
r-release-macos-arm64 0.2.12 34.00 NOTE
r-release-macos-x86_64 0.2.12 53.00 NOTE
r-release-windows-x86_64 0.2.12 42.00 78.00 120.00 NOTE
r-oldrel-macos-arm64 0.2.12 32.00 OK
r-oldrel-windows-x86_64 0.2.12 58.00 79.00 137.00 OK

Check Details

Version: 0.2.12
Check: C++ specification
Result: NOTE Specified C++11: please drop specification unless essential Flavors: r-devel-linux-x86_64-debian-clang, r-devel-linux-x86_64-debian-gcc, r-devel-linux-x86_64-fedora-clang, r-devel-linux-x86_64-fedora-gcc, r-devel-windows-x86_64, r-patched-linux-x86_64, r-release-linux-x86_64, r-release-macos-arm64, r-release-macos-x86_64, r-release-windows-x86_64